{"id":1782,"date":"2021-04-28T05:26:48","date_gmt":"2021-04-28T05:26:48","guid":{"rendered":"https:\/\/bluebell.com.ar\/catalogo\/?post_type=product&#038;p=1782"},"modified":"2026-03-08T02:29:55","modified_gmt":"2026-03-08T02:29:55","slug":"skarchados","status":"publish","type":"product","link":"https:\/\/bluebell.com.ar\/carta\/product\/skarchados\/","title":{"rendered":"Skarchados"},"content":{"rendered":"<p><strong>Skarchado. <\/strong>Cubanito relleno de helado de dulce de leche y doble ba\u00f1o de chocolate con escarcha de cereal.<\/p>\n<p><strong>Skarchado Blanco.<\/strong> Cubanito relleno de helado marroc con ba\u00f1o interno de chocolate semiamargo y doble ba\u00f1o de chocolate blanco con escarcha de cereal.<\/p>\n<p><strong>Skarchado Oreo. <\/strong>Cubanito relleno de helado de dulce de leche y doble ba\u00f1o de chocolate con skarchado de galletas oreo.<\/p>\n","protected":false},"excerpt":{"rendered":"<p>Skarchado. Cubanito relleno de helado de dulce de leche y doble ba\u00f1o de chocolate con escarcha de cereal. Skarchado Blanco. Cubanito relleno de helado marroc con ba\u00f1o interno de chocolate semiamargo y doble ba\u00f1o de chocolate blanco con escarcha de cereal. Skarchado Oreo. Cubanito relleno de helado de dulce de leche y doble ba\u00f1o de&#8230;<\/p>\n","protected":false},"featured_media":1792,"template":"","meta":{"_uag_custom_page_level_css":"","_kad_post_transparent":"default","_kad_post_title":"","_kad_post_layout":"default","_kad_post_sidebar_id":"","_kad_post_content_style":"default","_kad_post_vertical_padding":"default","_kad_post_feature":"","_kad_post_feature_position":"","_kad_post_header":false,"_kad_post_footer":false,"_kad_post_classname":""},"product_brand":[],"product_cat":[37],"product_tag":[],"class_list":{"0":"post-1782","1":"product","2":"type-product","3":"status-publish","4":"has-post-thumbnail","6":"product_cat-golosinas","8":"first","9":"instock","10":"shipping-taxable","11":"purchasable","12":"product-type-simple","13":"entry","14":"content-bg","15":"loop-entry"},"uagb_featured_image_src":{"full":["https:\/\/bluebell.com.ar\/carta\/wp-content\/uploads\/skarchado1.jpg",1000,1000,false],"thumbnail":["https:\/\/bluebell.com.ar\/carta\/wp-content\/uploads\/skarchado1-150x150.jpg",150,150,true],"medium":["https:\/\/bluebell.com.ar\/carta\/wp-content\/uploads\/skarchado1-300x300.jpg",300,300,true],"medium_large":["https:\/\/bluebell.com.ar\/carta\/wp-content\/uploads\/skarchado1-768x768.jpg",768,768,true],"large":["https:\/\/bluebell.com.ar\/carta\/wp-content\/uploads\/skarchado1.jpg",1000,1000,false],"1536x1536":["https:\/\/bluebell.com.ar\/carta\/wp-content\/uploads\/skarchado1.jpg",1000,1000,false],"2048x2048":["https:\/\/bluebell.com.ar\/carta\/wp-content\/uploads\/skarchado1.jpg",1000,1000,false],"woocommerce_thumbnail":["https:\/\/bluebell.com.ar\/carta\/wp-content\/uploads\/skarchado1-300x300.jpg",300,300,true],"woocommerce_single":["https:\/\/bluebell.com.ar\/carta\/wp-content\/uploads\/skarchado1-600x600.jpg",600,600,true],"woocommerce_gallery_thumbnail":["https:\/\/bluebell.com.ar\/carta\/wp-content\/uploads\/skarchado1-100x100.jpg",100,100,true]},"uagb_author_info":{"display_name":"bluebell","author_link":"https:\/\/bluebell.com.ar\/carta\/author\/"},"uagb_comment_info":0,"uagb_excerpt":"Skarchado. Cubanito relleno de helado de dulce de leche y doble ba\u00f1o de chocolate con escarcha de cereal. Skarchado Blanco. Cubanito relleno de helado marroc con ba\u00f1o interno de chocolate semiamargo y doble ba\u00f1o de chocolate blanco con escarcha de cereal. Skarchado Oreo. Cubanito relleno de helado de dulce de leche y doble ba\u00f1o de...","_links":{"self":[{"href":"https:\/\/bluebell.com.ar\/carta\/wp-json\/wp\/v2\/product\/1782","targetHints":{"allow":["GET"]}}],"collection":[{"href":"https:\/\/bluebell.com.ar\/carta\/wp-json\/wp\/v2\/product"}],"about":[{"href":"https:\/\/bluebell.com.ar\/carta\/wp-json\/wp\/v2\/types\/product"}],"wp:featuredmedia":[{"embeddable":true,"href":"https:\/\/bluebell.com.ar\/carta\/wp-json\/wp\/v2\/media\/1792"}],"wp:attachment":[{"href":"https:\/\/bluebell.com.ar\/carta\/wp-json\/wp\/v2\/media?parent=1782"}],"wp:term":[{"taxonomy":"product_brand","embeddable":true,"href":"https:\/\/bluebell.com.ar\/carta\/wp-json\/wp\/v2\/product_brand?post=1782"},{"taxonomy":"product_cat","embeddable":true,"href":"https:\/\/bluebell.com.ar\/carta\/wp-json\/wp\/v2\/product_cat?post=1782"},{"taxonomy":"product_tag","embeddable":true,"href":"https:\/\/bluebell.com.ar\/carta\/wp-json\/wp\/v2\/product_tag?post=1782"}],"curies":[{"name":"wp","href":"https:\/\/api.w.org\/{rel}","templated":true}]}}