{"id":1538,"date":"2020-06-25T02:31:50","date_gmt":"2020-06-25T02:31:50","guid":{"rendered":"https:\/\/lranet.com.ar\/catalogo\/?page_id=1538"},"modified":"2024-10-24T04:24:21","modified_gmt":"2024-10-24T04:24:21","slug":"sabores","status":"publish","type":"page","link":"https:\/\/bluebell.com.ar\/carta\/sabores\/","title":{"rendered":"Gustos"},"content":{"rendered":"\n<section class=\"wp-block-uagb-section uagb-section__wrap uagb-section__background-image uagb-block-4f0456cf\"><div class=\"uagb-section__overlay\"><\/div><div class=\"uagb-section__inner-wrap\">\n<div style=\"height:100px\" aria-hidden=\"true\" class=\"wp-block-spacer\"><\/div>\n<\/div><\/section>\n\n\n\n<div style=\"height:56px\" aria-hidden=\"true\" class=\"wp-block-spacer\"><\/div>\n\n\n\n<section class=\"wp-block-uagb-columns uagb-columns__wrap uagb-columns__background-none uagb-columns__stack-mobile uagb-columns__valign- uagb-columns__gap-10 align uagb-block-106d9f48 uagb-columns__columns-3 uagb-columns__max_width-custom uagb-columns__background-undefined uagb-columns__valign-undefined alignundefined\" id=\"cremas\"><div class=\"uagb-columns__overlay\"><\/div><div class=\"uagb-columns__inner-wrap uagb-columns__columns-3\">\n<div class=\"wp-block-uagb-column uagb-column__wrap uagb-column__background-color uagb-block-3fd54a0a\"><div class=\"uagb-column__overlay\"><\/div>\n<h3 class=\"wp-block-heading has-text-align-center has-theme-palette-9-color has-text-color\">CREMAS<\/h3>\n<\/div>\n\n\n\n<div class=\"wp-block-uagb-column uagb-column__wrap uagb-column__background-color uagb-block-2ac964c5\"><div class=\"uagb-column__overlay\"><\/div>\n<ul class=\"wp-block-list\">\n<li><strong>AMERICANA<\/strong> (helado de crema americana)<\/li>\n\n\n\n<li><strong>GRANIZADO <\/strong>(helado de crema americana con granizado de chocolate)<\/li>\n\n\n\n<li><strong>BISCUIT<\/strong> (helado de crema americana con galletas oreo trituradas)<\/li>\n\n\n\n<li><strong>TRAMONTANA<\/strong> (helado de americana veteado con galletas ba\u00f1adas en chocolate y topping de dulce de leche)<\/li>\n\n\n\n<li><strong>VAINILLA <\/strong>(crema helada a base de yemas)<\/li>\n\n\n\n<li><strong>FLAN C\/CARAMELO<\/strong> (crema helada flan con salsa de caramelo)<\/li>\n\n\n\n<li><strong>SAMBAY\u00d3N <\/strong>(crema a base de yema de huevo y vino oporto)<\/li>\n\n\n\n<li><strong>TIRAMIS\u00da <\/strong>(sambay\u00f3n con licor de caf\u00e9)<\/li>\n\n\n\n<li><strong>M\u00c1LAGA<\/strong> (sambay\u00f3n con pasas de uvas maceradas en alm\u00edbar con  rhum)<\/li>\n\n\n\n<li><strong>MANTECOL <\/strong>(crema a base de pasta de man\u00ed con trozos de mantecol)<\/li>\n\n\n\n<li><strong>BONOBON <\/strong>(crema helada  de man\u00ed con los trozos de bonobon)<\/li>\n\n\n\n<li><strong>TRAMONTANA <\/strong>(americana con galletas de chocolate ba\u00f1adas y dulce de leche repostero)<\/li>\n\n\n\n<li><strong>MARROC <\/strong>(crema helada de chocolate y man\u00ed con trozos de bombones marroc)<\/li>\n\n\n\n<li><strong>CREMA RUSA <\/strong>(crema de nuez con pasta de nueces maceradas en alm\u00edbar con rhum)<\/li>\n\n\n\n<li><strong>PISTACHO <\/strong>(crema helada con l\u00e1minas de pistacho)<\/li>\n\n\n\n<li><strong>CREMA DE CAF\u00c9 <\/strong>(crema helada de caf\u00e9)<\/li>\n\n\n\n<li><strong>KINOTOS AL WHISKY<\/strong> (helado de kinotos con kinotos macerados en alm\u00edbar y whisky)<\/li>\n\n\n\n<li><strong>BANADOLC<\/strong> (con bananitas ba\u00f1adas en chocolate)<\/li>\n<\/ul>\n<\/div>\n\n\n\n<div class=\"wp-block-uagb-column uagb-column__wrap uagb-column__background-color uagb-block-545c3615\"><div class=\"uagb-column__overlay\"><\/div>\n<ul class=\"wp-block-list\">\n<li><strong>SICILIANA<\/strong> (crema suave de lim\u00f3n con la c\u00e1scara de lim\u00f3n almibaradas)<\/li>\n\n\n\n<li><strong>COCO<\/strong> (helado de crema coco)<\/li>\n\n\n\n<li><strong>PI\u00d1A COLADA<\/strong> (crema de anan\u00e1 con leche de coco y vodka)<\/li>\n\n\n\n<li><strong>YOGURT CON ZARZAMORAS <\/strong>(helado de yogurt natural sembrado con salsa de zarzamoras)<\/li>\n\n\n\n<li><strong>CADBUFRUTILLA<\/strong> (helado de yogurt de frutilla con salsa charlotte y trocitos de chocolate cadbury)<\/li>\n\n\n\n<li><strong>MENTA GRANIZADA<\/strong> (crema de menta con granizado de chocolate)<\/li>\n\n\n\n<li><strong>CREMA DEL CIELO <\/strong>(crema helada de an\u00eds)<\/li>\n\n\n\n<li><strong>CAYOTE CON NUEZ <\/strong>(crema helada de quesillo con hebras de cayote con nueces)<\/li>\n\n\n\n<li><strong>CREMA DE TAF\u00cd<\/strong> (crema de quesillo con miel de ca\u00f1a y trocitos de quesillo sembrado)<\/li>\n\n\n\n<li><strong>CREMA DE AR\u00c1NDANOS <\/strong>(crema helada de ar\u00e1ndanos con topping de fruta)<\/li>\n\n\n\n<li><strong>FRUTILLA A LA CREMA <\/strong>(crema helada de ar\u00e1ndanos con topping de fruta)<\/li>\n\n\n\n<li><strong>CREMA DE CEREZA<\/strong> (crema helada de cerezas con topping de cerezas)<\/li>\n\n\n\n<li><strong>CREMA DE DURAZNO <\/strong>(crema helada de duraznos con topping de durazno)<\/li>\n\n\n\n<li><strong>CREMA DE HIGO<\/strong> (crema helada de higo con trozos de higo negro)<\/li>\n\n\n\n<li><strong>CREMA DE BANANA<\/strong><\/li>\n\n\n\n<li><strong>CREMA DE BANANA <\/strong>(crema de banana con topping de DL)<\/li>\n\n\n\n<li><strong>FRAMBUESA <\/strong>(crema helada de frambuesas con agregados de frutas)<\/li>\n\n\n\n<li><strong>MOUSSE DE MARACUY\u00c1<\/strong> (crema helada suave de maracuy\u00e1 con salsa de maracuy\u00e1)<\/li>\n<\/ul>\n\n\n\n<p><\/p>\n<\/div>\n<\/div><\/section>\n\n\n\n<section class=\"wp-block-uagb-columns uagb-columns__wrap uagb-columns__background-none uagb-columns__stack-mobile uagb-columns__valign- uagb-columns__gap-10 align uagb-block-4232bd63 uagb-columns__columns-3 uagb-columns__max_width-custom uagb-columns__background-undefined uagb-columns__valign-undefined alignundefined\" id=\"chocolates\"><div class=\"uagb-columns__overlay\"><\/div><div class=\"uagb-columns__inner-wrap uagb-columns__columns-3\">\n<div class=\"wp-block-uagb-column uagb-column__wrap uagb-column__background-color uagb-block-18287013\"><div class=\"uagb-column__overlay\"><\/div>\n<h3 class=\"wp-block-heading has-text-align-center has-theme-palette-9-color has-text-color\">CHOCOLATE<\/h3>\n<\/div>\n\n\n\n<div class=\"wp-block-uagb-column uagb-column__wrap uagb-column__background-color uagb-block-c31f42f0\"><div class=\"uagb-column__overlay\"><\/div>\n<ul class=\"wp-block-list\">\n<li><strong>CHOCOLATE <\/strong>(Crema helada de chocolate con leche)<\/li>\n\n\n\n<li><strong>CHOCOLATE AMARGO<\/strong> (Crema helada de Chocolate 80%)<\/li>\n\n\n\n<li><strong>CHOCOLATE MARMOLADO<\/strong> (helado de chocolate veteado con topping de dulce de leche)<\/li>\n\n\n\n<li><strong>CHOCOLATE A LA CUBANA <\/strong>(helado de chocolate con nueces, pasas de uvas maceradas en ruhm )<\/li>\n<\/ul>\n<\/div>\n\n\n\n<div class=\"wp-block-uagb-column uagb-column__wrap uagb-column__background-color uagb-block-ec9d5643\"><div class=\"uagb-column__overlay\"><\/div>\n<ul class=\"wp-block-list\">\n<li><strong>CHOCOLATE CON ALMENDRAS<\/strong> (con almendras)<\/li>\n\n\n\n<li><strong>CHOCOLATE (cl\u00e1sico o com\u00fan)<\/strong><\/li>\n\n\n\n<li><strong>CHOCOLATE BELGA<\/strong> (con trocitos de chocolate 70%)<\/li>\n\n\n\n<li><strong>CHOCOLATE BLANCO<\/strong><\/li>\n\n\n\n<li><strong>CHOCOLATE CON CEREZAS <\/strong>(helado de chocolate con leche con agregado de cerezas)<\/li>\n<\/ul>\n<\/div>\n<\/div><\/section>\n\n\n\n<section class=\"wp-block-uagb-columns uagb-columns__wrap uagb-columns__background-none uagb-columns__stack-mobile uagb-columns__valign- uagb-columns__gap-10 align uagb-block-c447c45e uagb-columns__columns-3 uagb-columns__max_width-custom uagb-columns__background-undefined uagb-columns__valign-undefined alignundefined\" id=\"dulces\"><div class=\"uagb-columns__overlay\"><\/div><div class=\"uagb-columns__inner-wrap uagb-columns__columns-3\">\n<div class=\"wp-block-uagb-column uagb-column__wrap uagb-column__background-color uagb-block-f193a4c3\"><div class=\"uagb-column__overlay\"><\/div>\n<h3 class=\"wp-block-heading has-text-align-center has-theme-palette-9-color has-text-color\">DULCE DE LECHE<\/h3>\n\n\n\n<p><\/p>\n<\/div>\n\n\n\n<div class=\"wp-block-uagb-column uagb-column__wrap uagb-column__background-color uagb-block-7c7865f9\"><div class=\"uagb-column__overlay\"><\/div>\n<ul class=\"wp-block-list\">\n<li><strong>DULCE DE LECHE <\/strong>(cl\u00e1sico)<\/li>\n\n\n\n<li><strong>DULCE DE LECHE CON BROWNIE<\/strong> (helado de DL con topping dulce de leche y trozos de brownie semiamargo)<\/li>\n\n\n\n<li><strong>DULCE DE LECHE MARMOLADO<\/strong> (Helado de DL con veteado con topping de chocolate)<\/li>\n\n\n\n<li><strong>DULCE DE LECHE CON NUEZ <\/strong>(Helado de DL con agregado de  nueces)<\/li>\n\n\n\n<li><strong>DULCE DE LECHE GRANIZADO<\/strong> (Helado de DL con granizado de chocolate)<\/li>\n<\/ul>\n<\/div>\n\n\n\n<div class=\"wp-block-uagb-column uagb-column__wrap uagb-column__background-color uagb-block-9dee3fa5\"><div class=\"uagb-column__overlay\"><\/div>\n<ul class=\"wp-block-list\">\n<li><strong>DULCE DE LECHE CROCANTE <\/strong>(Helado de DL con pralin\u00e9 de almendras)<\/li>\n\n\n\n<li><strong>DULCE DE LECHE MERENGADO <\/strong>(Helado de DL con trozos de merengue y topping de dulce de leche)<\/li>\n\n\n\n<li><strong>DULCE DE LECHE CON COCO <\/strong>(Helado de DL con topping de coco rallado)<\/li>\n<\/ul>\n\n\n\n<p><\/p>\n<\/div>\n<\/div><\/section>\n\n\n\n<section class=\"wp-block-uagb-columns uagb-columns__wrap uagb-columns__background-none uagb-columns__stack-mobile uagb-columns__valign- uagb-columns__gap-10 align uagb-block-1c686874 uagb-columns__columns-3 uagb-columns__max_width-custom uagb-columns__background-undefined uagb-columns__valign-undefined alignundefined\" id=\"frutas\"><div class=\"uagb-columns__overlay\"><\/div><div class=\"uagb-columns__inner-wrap uagb-columns__columns-3\">\n<div class=\"wp-block-uagb-column uagb-column__wrap uagb-column__background-color uagb-block-7e577d8f\"><div class=\"uagb-column__overlay\"><\/div>\n<h3 class=\"wp-block-heading has-text-align-center has-theme-palette-9-color has-text-color\">FRUTALES<\/h3>\n\n\n\n<p><\/p>\n<\/div>\n\n\n\n<div class=\"wp-block-uagb-column uagb-column__wrap uagb-column__background-color uagb-block-5663fad2\"><div class=\"uagb-column__overlay\"><\/div>\n<ul class=\"wp-block-list\">\n<li><strong>ANAN\u00c1 <\/strong>(con topping de anan\u00e1)<\/li>\n\n\n\n<li><strong>DURAZNO <\/strong>(con topping de durazno)<\/li>\n\n\n\n<li><strong>FRUTILLA <\/strong>(con topping de frutillas frescas)<\/li>\n\n\n\n<li><strong>FRUTILLA GRANIZADA <\/strong>(Helado de frutillas con granizado de chocolate)<\/li>\n\n\n\n<li><strong>LIM\u00d3N <\/strong>(con pulpa de limones)<\/li>\n<\/ul>\n<\/div>\n\n\n\n<div class=\"wp-block-uagb-column uagb-column__wrap uagb-column__background-color uagb-block-48e46e24\"><div class=\"uagb-column__overlay\"><\/div>\n<ul class=\"wp-block-list\">\n<li><strong>LIM\u00d3N GRANIZADO<\/strong> (helado de lim\u00f3n con granizado de chocolate)<\/li>\n\n\n\n<li><strong>MARACUY\u00c1<\/strong> (con pulpa de maracuy\u00e1)<\/li>\n\n\n\n<li><strong>POMELO ROSADO<\/strong> (con pulpa de pomelos)<\/li>\n\n\n\n<li><strong>MANGO<\/strong> (con pulpa de mangos)<\/li>\n<\/ul>\n<\/div>\n<\/div><\/section>\n\n\n\n<section class=\"wp-block-uagb-columns uagb-columns__wrap uagb-columns__background-none uagb-columns__stack-mobile uagb-columns__valign- uagb-columns__gap-10 align uagb-block-958b5f33 uagb-columns__columns-3 uagb-columns__max_width-custom uagb-columns__background-undefined uagb-columns__valign-undefined alignundefined\" id=\"light\"><div class=\"uagb-columns__overlay\"><\/div><div class=\"uagb-columns__inner-wrap uagb-columns__columns-3\">\n<div class=\"wp-block-uagb-column uagb-column__wrap uagb-column__background-color uagb-block-6e31f824\"><div class=\"uagb-column__overlay\"><\/div>\n<h3 class=\"wp-block-heading has-text-align-center has-theme-palette-9-color has-text-color\">LIGHT<\/h3>\n\n\n\n<p><\/p>\n<\/div>\n\n\n\n<div class=\"wp-block-uagb-column uagb-column__wrap uagb-column__background-color uagb-block-82381e83\"><div class=\"uagb-column__overlay\"><\/div>\n<ul class=\"wp-block-list\">\n<li><strong>CHOCOLATE<\/strong><\/li>\n\n\n\n<li><strong>VAINILLA<\/strong><\/li>\n\n\n\n<li><strong>DULCE DE LECHE<\/strong><\/li>\n\n\n\n<li><strong>FRUTILLA<\/strong><\/li>\n\n\n\n<li><strong>BANANA<\/strong><\/li>\n\n\n\n<li><strong>LIM\u00d3N<\/strong><\/li>\n\n\n\n<li><strong>FRAMBUESA<\/strong><\/li>\n<\/ul>\n<\/div>\n\n\n\n<div class=\"wp-block-uagb-column uagb-column__wrap uagb-column__background-color uagb-block-35437010\"><div class=\"uagb-column__overlay\"><\/div>\n<p><\/p>\n<\/div>\n<\/div><\/section>\n","protected":false},"excerpt":{"rendered":"<p>CREMAS CHOCOLATE DULCE DE LECHE FRUTALES LIGHT<\/p>\n","protected":false},"author":1,"featured_media":0,"parent":0,"menu_order":0,"comment_status":"closed","ping_status":"closed","template":"","meta":{"_uag_custom_page_level_css":"","_kad_post_transparent":"","_kad_post_title":"","_kad_post_layout":"default","_kad_post_sidebar_id":"","_kad_post_content_style":"","_kad_post_vertical_padding":"","_kad_post_feature":"","_kad_post_feature_position":"","_kad_post_header":false,"_kad_post_footer":false,"_kad_post_classname":"","footnotes":""},"class_list":["post-1538","page","type-page","status-publish","hentry"],"uagb_featured_image_src":{"full":false,"thumbnail":false,"medium":false,"medium_large":false,"large":false,"1536x1536":false,"2048x2048":false,"woocommerce_thumbnail":false,"woocommerce_single":false,"woocommerce_gallery_thumbnail":false},"uagb_author_info":{"display_name":"bluebell","author_link":"https:\/\/bluebell.com.ar\/carta\/author\/bluebell\/"},"uagb_comment_info":0,"uagb_excerpt":"CREMAS CHOCOLATE DULCE DE LECHE FRUTALES LIGHT","_links":{"self":[{"href":"https:\/\/bluebell.com.ar\/carta\/wp-json\/wp\/v2\/pages\/1538","targetHints":{"allow":["GET"]}}],"collection":[{"href":"https:\/\/bluebell.com.ar\/carta\/wp-json\/wp\/v2\/pages"}],"about":[{"href":"https:\/\/bluebell.com.ar\/carta\/wp-json\/wp\/v2\/types\/page"}],"author":[{"embeddable":true,"href":"https:\/\/bluebell.com.ar\/carta\/wp-json\/wp\/v2\/users\/1"}],"replies":[{"embeddable":true,"href":"https:\/\/bluebell.com.ar\/carta\/wp-json\/wp\/v2\/comments?post=1538"}],"version-history":[{"count":90,"href":"https:\/\/bluebell.com.ar\/carta\/wp-json\/wp\/v2\/pages\/1538\/revisions"}],"predecessor-version":[{"id":2297,"href":"https:\/\/bluebell.com.ar\/carta\/wp-json\/wp\/v2\/pages\/1538\/revisions\/2297"}],"wp:attachment":[{"href":"https:\/\/bluebell.com.ar\/carta\/wp-json\/wp\/v2\/media?parent=1538"}],"curies":[{"name":"wp","href":"https:\/\/api.w.org\/{rel}","templated":true}]}}